reatest common divisor of k and i?
24
Let i(c) = c**2 + 6*c + 54. Let r be i(-12). Calculate the highest common divisor of r and 28.
14
Let h = 80 - 44. Let c be ((-6)/(-33) + (-112)/132)*-486. What is the greatest common factor of c and h?
36
Let h(i) = 524*i**2 + i - 1. Let n be h(-1). What is the highest common divisor of 58 and n?
58
Let b = -623 + 805. Calculate the greatest common factor of 247 and b.
13
Let l be 0 - (1 + -7)/(-3). Let b be l/(-8) - (-201)/12. Suppose 55*h - 1432 = 8853. Calculate the greatest common divisor of b and h.
17
Let g = 1153 + -1021. What is the highest common divisor of g and 192?
12
Let y = -182 + 319. Let q = 209 - y. Let g = -1 - -9. What is the highest common divisor of q and g?
8
Let k(w) = 3*w**3 - 3*w**2 + 4*w - 2. Let l be k(1). What is the highest common factor of l and 240?
2
Suppose -2*g - 7 = n - 3*g, -3*g = n + 23. Let d be 228/(-14) - (-2)/7. Let p = n - d. What is the highest common divisor of p and 35?
5
Let o be (-22)/(-55) - 7188/(-30). What is the highest common factor of 12 and o?
12
Suppose -1076 - 652 = -36*k. Calculate the greatest common factor of 248 and k.
8
Let t = 0 - -1. Suppose 4*q = 2*a + 10, -2*q + 0 - t = 5*a. Suppose 0 = -14*o - 6*o + 100. Calculate the greatest common factor of o and q.
1
Let z = 239 + -197. Calculate the highest common factor of z and 378.
42
Suppose 0 = -3*d + 7 + 29. Suppose v - 22 - 9 = 0. Suppose 0 = -3*z - c + v, 0 = -z + 4*c - 3*c + 17. What is the greatest common factor of z and d?
12
Suppose 0*l + 36 = 2*l. Let c be ((-2)/4 - -1)*l. Let f be (-1 + 7)/(78/819). Calculate the highest common divisor of c and f.
9
Suppose -1698 = -44*g + 10006. What is the greatest common factor of 42 and g?
14
Let d = 4 - -2. Suppose -81*m + 76*m = -180. Calculate the greatest common divisor of m and d.
6
Let k(z) = z**2 - 8*z - 19. Let y = -56 + 67. Let s be k(y). Calculate the highest common divisor of s and 42.
14
Let z be (-11)/((-55)/(-25)) - -252. Calculate the greatest common factor of z and 19.
19
Let k(i) = -i**2 + 4*i + 7. Let o = 46 - 41. Let m be k(o). What is the highest common factor of m and 6?
2
Suppose 5*g - 1013 + 258 = 5*y, 2*g - y = 304. Suppose 2*a - 137 = g. What is the greatest common divisor of 58 and a?
29
Let v(s) = 2*s**2 + 25*s - 36. Let w be v(-14). What is the highest common divisor of w and 438?
6
Let k(g) = -g**3 - 20*g**2 + 20. Let n be k(-20). Suppose -2*z - 2*j + 26 = 0, -2*j + 11 = 2*z - 3*j. Calculate the greatest common divisor of z and n.
4
Let n = -548 - -541. Let y(g) = -8*g**2 - 3*g + 8 - 1 - 6*g - g**3. Let d be y(n). What is the highest common divisor of 14 and d?
7
Suppose 5 = 3*l - 1. Let s = 57 - l. Suppose h + 5 = s. Calculate the highest common factor of 10 and h.
10
Suppose -4*d + 2*d + 20 = 0. Suppose 7*i - 12*i = 20. Let g be (2/i + 1)/((-1)/(-30)). What is the highest common factor of d and g?
5
Suppose 2*o + 5*z - 23 = 0, 2*o - z + 8 = 61. Let w be 93/2 + (-36)/o. What is the highest common factor of w and 18?
9
Let c = 43 - 30. Let b be (64/24)/((-2)/3) + 107. Suppose 14*s = b + 79. What is the highest common factor of c and s?
13
Let f(d) = -d**3 + 8*d**2 - 3*d - 5. Let c be f(6). Let m = c + 133. What is the highest common factor of 26 and m?
26
Suppose -4*m = -2*x - m + 5, -3*x - m = -13. Let f be x/(3/((-180)/(-8))). Calculate the greatest common factor of 10 and f.
10
Let u(h) be the first derivative of -17*h**2/2 + 31*h + 45. Let w be u(-4). Calculate the greatest common divisor of 18 and w.
9
Let g(o) = -8*o + 3*o + 9 + 3*o + 3*o. Let p be g(4). Calculate the highest common factor of p and 13.
13
Let p = -1361 - -1949. Suppose 4*w + p = 16*w. Calculate the greatest common factor of w and 7.
7
Suppose 100 = 5*z - 2*w - 619, w = -2. Calculate the highest common factor of z and 33.
11
Let j be (5 - (2 - -1)) + 3. Suppose -y - 46 = -j*k - 5*y, 0 = -4*y + 16. Suppose -k*g = -7*g + 7. What is the greatest common factor of 56 and g?
7
Let u be (4 - 1) + (-4)/2. Suppose -o - 3 = -u. Let k be 5/2*(o + 4). What is the greatest common factor of k and 20?
5
Let b(m) = 2*m**2 + 4*m + 10. Let j(d) = -d**3 + 9*d**2 - d + 4. Let o be j(9). Let u be b(o). Calculate the greatest common divisor of u and 120.
40
Let s(b) = 4*b**2 - 33*b - 105. Let l be s(-5). What is the greatest common factor of l and 544?
32
Suppose -m + 6*m + 69 = 3*f, 137 = 5*f - m. Let v be (-9)/(1 + (-31)/f). Calculate the greatest common factor of v and 14.
14
Let r = -9 - 11. Let a be ((-64)/r)/(3/105). Suppose 0 = 3*i - a - 8. What is the highest common factor of 10 and i?
10
Let z be 2 - (-1 - 2 - 4). What is the greatest common divisor of z and 9?
9
Let m(q) = -q**2 - 6*q - 3. Let l be m(-5). Suppose l = -f + 6. Suppose g + 0 - f = 0. What is the greatest common factor of 2 and g?
2
Suppose -4*i + 0*i = -8. Suppose -2*w = -3*r - 22, 3*r + i*r = -4*w. Let q be r/(0 + (-2)/7). What is the highest common factor of q and 126?
14
Let o be (8/(-5))/((-2)/10). Let z = 38 + -42. Let y = 20 + z. What is the highest common factor of o and y?
8
Let g = -219 + 236. Suppose -3*q + 9 = -42. Calculate the highest common factor of g and q.
17
Let c = -299 - -1078. Calculate the greatest common divisor of c and 41.
41
Suppose 4*i = 8*i - 208. Suppose 2*d - 6*d = -i. Calculate the highest common divisor of d and 143.
13
Let n(g) = 3*g**2 + 4*g + 5. Suppose 14 + 10 = 4*m. Let c = m + -11. Let p be n(c). What is the highest common factor of 24 and p?
12
Let m = 4004 - 2723. Calculate the highest common factor of m and 14.
7
Let m = 20 + -20. Suppose 0 = v - 5*t + 18, m*t - 19 = -2*v - t. What is the greatest common divisor of v and 21?
7
Let o = 43 - 23. Suppose 0 = 3*n - 6, -9 = -3*f - 3*n + 6*n. Suppose -f*m - 59 = -b + 76, -815 = -5*b - 3*m. What is the greatest common factor of o and b?
20
Let h be (-4)/(-10) - 392/(-20). Let s be (1240/h)/(2/3). Suppose -2*t = -5*q + 118, 23 - s = -3*q + 2*t. Calculate the highest common divisor of 16 and q.
8
Suppose -5*y + 3 = q, -3*y + 0 = 15. Let f = 811 + -472. Suppose 0 = -3*m - 2*w + 250, 4*m - f = 3*w - 0*w. Calculate the greatest common factor of m and q.
28
Let n be (-175)/10 + 3*(-1)/2. Let s = n - -22. What is the greatest common factor of s and 39?
3
Suppose -13 = -4*r + 5*d + 132, -r - 4*d = -52. Let o = 11 + 6. Suppose -2*p + 3*q = -o, 4*q - 27 = -7. Calculate the greatest common factor of r and p.
8
Suppose -5*b = -0*u + u + 11, b = -3. Suppose u*q = -5*f + 27, -q - 3*f = -5*f + 3. Let k be 58 + q*4/6. Calculate the greatest common divisor of 12 and k.
12
Let l be (-30)/(-9) - 3/(-18)*4. Let y(g) = -g**3 + 3*g**2 + 5*g - 1. Let m be y(4). Let x be l + -3*(-1)/m. Calculate the highest common divisor of x and 2.
1
Let n(k) = k**3 + 8*k**2 - 13*k - 24. Let s be n(-7). What is the highest common divisor of 29 and s?
29
Let s be (-14 + 8)*2/(-4). Let a be -2 + s + 3*2/3. Let i be 1 + -2 + 26/2. Calculate the highest common divisor of a and i.
3
Suppose 4*v = 4*i - 460, -3*i + 5*v + 170 + 165 = 0. Let b = 211 - i. What is the highest common factor of 13 and b?
13
Suppose 14*l - 14272 = 4768. What is the highest common divisor of l and 34?
34
Suppose 0 = 2*q - 8 + 2. Let n(o) = o**2 - 2*o + 1. Let s be n(q). Suppose t + 132 = s*t. What is the greatest common divisor of 4 and t?
4
Let f = -3 + -3. Suppose 4*v - 2*y + 41 = -7*y, v - 4*y + 26 = 0. Let i = f - v. Calculate the greatest common factor of 56 and i.
8
Suppose 4*r - 16 = -2*s, 7*s = 3*s + 8. Suppose v - 18 = -2*q, 14 = r*v - 8*q + 6*q. Calculate the greatest common factor of 40 and v.
8
Suppose g - 414 = -2*k, 5*g = -3*k + 96 + 511. What is the highest common divisor of 11 and k?
11
Let m(q) = q**2 + 11*q + 12. Let x be m(-10). Suppose -g - x = 2. Let f be (-1 - g - -12) + 0. Calculate the greatest common divisor of 5 and f.
5
Let o = -847 - -862. Suppose 5*w - 12 = -2*q, 4*q + 4 = 2*w + 5*q. Suppose 24 = 2*c + w. What is the highest common factor of o and c?
5
Let j(v) = -4*v - 5. Let f be j(-7). Let x be (1495/(-10))/(-13)*2. Calculate the highest common divisor of x and f.
23
Let t = -7 + 7. Suppose t = w - 12 - 1. Let z be 1/(-2) - (-27)/2. What is the greatest common divisor of w and z?
13
Let l = -631 + 692. Calculate the greatest common divisor of l and